{"id":29660,"date":"2023-11-14T13:35:19","date_gmt":"2023-11-14T11:35:19","guid":{"rendered":"https:\/\/themarkaz.org\/oldsite\/?page_id=29660"},"modified":"2023-12-11T19:33:18","modified_gmt":"2023-12-11T17:33:18","slug":"podcast-festival-cinemed-fr","status":"publish","type":"page","link":"https:\/\/themarkaz.org\/oldsite\/podcast-festival-cinemed-fr\/","title":{"rendered":"Podcast Festival Cinemed &#8211; FR"},"content":{"rendered":"<p><img decoding=\"async\" class=\"alignnone wp-image-29363 size-full\" src=\"https:\/\/themarkaz.org\/oldsite\/wp-content\/uploads\/2023\/11\/Radio-Tabbouli-website-banner.png\" alt=\"\" width=\"1920\" height=\"403\" srcset=\"https:\/\/themarkaz.org\/oldsite\/wp-content\/uploads\/2023\/11\/Radio-Tabbouli-website-banner.png 1920w, https:\/\/themarkaz.org\/oldsite\/wp-content\/uploads\/2023\/11\/Radio-Tabbouli-website-banner-300x63.png 300w, https:\/\/themarkaz.org\/oldsite\/wp-content\/uploads\/2023\/11\/Radio-Tabbouli-website-banner-1024x215.png 1024w, https:\/\/themarkaz.org\/oldsite\/wp-content\/uploads\/2023\/11\/Radio-Tabbouli-website-banner-768x161.png 768w, https:\/\/themarkaz.org\/oldsite\/wp-content\/uploads\/2023\/11\/Radio-Tabbouli-website-banner-1536x322.png 1536w, https:\/\/themarkaz.org\/oldsite\/wp-content\/uploads\/2023\/11\/Radio-Tabbouli-website-banner-1568x329.png 1568w, https:\/\/themarkaz.org\/oldsite\/wp-content\/uploads\/2023\/11\/Radio-Tabbouli-website-banner-1320x277.png 1320w, https:\/\/themarkaz.org\/oldsite\/wp-content\/uploads\/2023\/11\/Radio-Tabbouli-website-banner-600x126.png 600w\" sizes=\"(max-width: 1920px) 100vw, 1920px\" \/><\/p>\n<p><em>English below<\/em><\/p>\n<p>Radio Tabbouli c\u2019est le podcast de The Markaz Review pour d\u00e9couvrir l\u2019actualit\u00e9 culturelle et rencontrer des artistes, des \u00e9crivains, des cin\u00e9astes, des acteurs, des universitaires, des musiciens et d&#8217;autres personnalit\u00e9s du Moyen-Orient, de l&#8217;Afrique du Nord et de ses diasporas.<\/p>\n<p>Ecoutez le podcast sur <a href=\"https:\/\/open.spotify.com\/episode\/6DJDLJUoir5f7OthcflFjw?si=YN_hrn_8SrWQ_jOIA6vRWA\" target=\"_blank\" rel=\"noopener\">Spotify<\/a> ou <a href=\"https:\/\/podcasts.apple.com\/fr\/podcast\/festival-cinemed-2023-fr\/id1714809973?i=1000634759142&amp;l=en-GB\" target=\"_blank\" rel=\"noopener\">Apple Podcast<\/a>.<\/p>\n<p>&nbsp;<\/p>\n<p><iframe loading=\"lazy\" src=\"https:\/\/embed.acast.com\/652fa86914bb5f001294bf93\/654ceecd6b767e00123c0847\" width=\"100%\" height=\"190px\" frameborder=\"0\"><\/iframe><\/p>\n<p>Pour ce deuxi\u00e8me podcast Radio Tabbouli, TMR vous emm\u00e8ne au Festival CINEMED &#8211; <em><span style=\"font-weight: 400;\">le <\/span><\/em><span style=\"font-weight: 400;\"><em>Festival International du Cin\u00e9ma M\u00e9diterran\u00e9en de Montpellier<\/em> &#8211; pour sa 45eme \u00e9dition. Nous y rencontrerons deux jeunes r\u00e9alisateurs Lina Soualem et Cyril Aris pour deux documentaires en comp\u00e9tition.\u00a0<\/span><\/p>\n<p><span style=\"font-weight: 400;\">Au menu : l\u2019interview de Lina Soualem accompagn\u00e9e de sa m\u00e8re l\u2019actrice <a href=\"https:\/\/themarkaz.org\/oldsite\/will-love-triumph-in-the-midst-of-gazas-14-year-siege\/\" target=\"_blank\" rel=\"noopener\">Hiam Abbass<\/a> pour le documentaire <em>Bye Bye Tib\u00e9riade<\/em> sur les traces de quatre g\u00e9n\u00e9rations de femmes palestiniennes. Nous continuerons avec l\u2019interview du r\u00e9alisateur Cyril Aris pour son documentaire <em>Danser sur un volcan<\/em> qui nous emm\u00e8ne au Liban au lendemain de l\u2019explosion du port de Beyrouth au c\u0153ur du tournage du film <a href=\"https:\/\/themarkaz.org\/oldsite\/the-saga-of-mounia-akls-costa-brava-lebanon\/\" target=\"_blank\" rel=\"noopener\"><em>Costa Brava, Lebanon<\/em><\/a>.<\/span><\/p>\n<p><iframe loading=\"lazy\" title=\"The Markaz Podcast - Radio Tabbouli Ep 2  Festival Cinemed\" width=\"750\" height=\"422\" src=\"https:\/\/www.youtube.com\/embed\/gAqWjGn6jZY?feature=oembed\" frameborder=\"0\" allow=\"accelerometer; autoplay; clipboard-write; encrypted-media; gyroscope; picture-in-picture; web-share\" allowfullscreen><\/iframe><\/p>\n<p>01:19 Trailer <em>Bye Bye Tib\u00e9riade<\/em><br \/>\n03:57 Interview Lina Soualem &amp; Hiam Abbass<br \/>\n12:50 Trailer <em>Danser sur un volcan<\/em><br \/>\n14:45 Interview Cyril Aris<\/p>\n<p class=\"p1\"><span style=\"font-size: 16px;\">Bande annonce audio <em>Bye Bye Tib\u00e9riade<\/em> de Lina Soualem <\/span><span style=\"font-size: 16px;\">\u00a9\u00a0JHR Films<br \/>\n<\/span><span style=\"font-size: 16px;\">Bande annonce audio <em>Danser sur un volcan<\/em> de Cyril Aris <\/span><span style=\"font-size: 16px;\">\u00a9 Salaud Morisset<br \/>\n<\/span><span style=\"font-size: 16px;\">https:\/\/www.cyrilaris.com\/<br \/>\n<\/span><span style=\"font-size: 16px;\">Festival CINEMED 2023<br \/>\n<\/span><span style=\"font-size: 16px;\">https:\/\/www.cinemed.tm.fr\/<br \/>\n<\/span><span style=\"color: var(--global--color-primary); font-size: 16px;\">Animatrice Sarah de The Markaz Review (TMR)<\/span><\/p>\n<div>\n<div id=\"block-yui_3_17_2_1_1601453168012_7061\" class=\"sqs-block audio-block sqs-block-audio\" data-block-type=\"41\">\n<div class=\"sqs-block-content\">\n<div data-url=\"https:\/\/static1.squarespace.com\/static\/5f3ed0456d80dc10ffbbdc55\/t\/5f743d510f6f7324ac3aa8ce\/1601453470369\/radiotabbouli_natacha_atlas_2010-10-27T19_21_44-07_00.mp3\/original\/radiotabbouli_natacha_atlas_2010-10-27T19_21_44-07_00.mp3\" data-mime-type=\"\" data-title=\"Interview with vocalist Natacha Atlas\" data-author=\"Natacha Atlas\" data-show-download=\"false\" data-design-style=\"minimal\" data-duration-in-ms=\"1377000\" data-color-theme=\"dark\">\n<div class=\"xgmjVLxjqfcXK5BV_XyN\">\n<div class=\"xgmjVLxjqfcXK5BV_XyN\"><\/div>\n<hr \/>\n<\/div>\n<\/div>\n<\/div>\n<\/div>\n<div id=\"block-395a5c318e0b2573e7b6\" class=\"sqs-block html-block sqs-block-html\" data-block-type=\"2\">\n<div class=\"sqs-block-content\">\n<p><em>English<\/em><\/p>\n<p>Radio Tabbouli is The Markaz Review&#8217;s podcast for discovering cultural news and meeting artists, writers, filmmakers, actors, academics, musicians and other personalities from the Middle East, North Africa and its diasporas.<\/p>\n<p>Listen to the podcast on <a href=\"https:\/\/open.spotify.com\/episode\/6DJDLJUoir5f7OthcflFjw?si=YN_hrn_8SrWQ_jOIA6vRWA\" target=\"_blank\" rel=\"noopener\">Spotify<\/a> or <a href=\"https:\/\/podcasts.apple.com\/fr\/podcast\/festival-cinemed-2023-fr\/id1714809973?i=1000634759142&amp;l=en-GB\" target=\"_blank\" rel=\"noopener\">Apple Podcasts<\/a>.<\/p>\n<\/div>\n<p><iframe loading=\"lazy\" src=\"https:\/\/embed.acast.com\/652fa86914bb5f001294bf93\/654ceecd6b767e00123c0847\" width=\"100%\" height=\"190px\" frameborder=\"0\"><\/iframe><\/p>\n<p class=\"p1\">For this second Radio Tabbouli podcast, TMR takes you to the 45th edition of the CINEMED Festival &#8211; Montpellier&#8217;s International Festival of Mediterranean Cinema. We meet two young directors, Lina Soualem and Cyril Aris, for two documentaries in competition.<\/p>\n<p class=\"p1\">On the menu: an interview with Lina Soualem and her mother, actress <a href=\"https:\/\/themarkaz.org\/oldsite\/will-love-triumph-in-the-midst-of-gazas-14-year-siege\/\" target=\"_blank\" rel=\"noopener\">Hiam Abbass<\/a>, for the documentary <em>Bye Bye Tiberias<\/em>, following in the footsteps of four generations of Palestinian women. We continue with an interview with director Cyril Aris for his documentary <em>Dancing on the Edge of a Volcano<\/em>, which takes us to Lebanon in the aftermath of the explosion in the port of Beirut, at the heart of the filming of <em><a href=\"https:\/\/themarkaz.org\/oldsite\/the-saga-of-mounia-akls-costa-brava-lebanon\/\" target=\"_blank\" rel=\"noopener\">Costa Brava, Lebanon<\/a><\/em>.<\/p>\n<p><iframe loading=\"lazy\" title=\"The Markaz Podcast - Radio Tabbouli Ep 2  Festival Cinemed\" width=\"750\" height=\"422\" src=\"https:\/\/www.youtube.com\/embed\/gAqWjGn6jZY?feature=oembed\" frameborder=\"0\" allow=\"accelerometer; autoplay; clipboard-write; encrypted-media; gyroscope; picture-in-picture; web-share\" allowfullscreen><\/iframe><\/p>\n<p>01:19 Trailer <em>Bye Bye Tiberias<\/em><br \/>\n03:57 Interview Lina Soualem &amp; Hiam Abbass<br \/>\n12:50 Trailer <em>Dancing on the edge of a volcano<\/em><br \/>\n14:45 Interview Cyril Aris<\/p>\n<\/div>\n<\/div>\n<p class=\"p1\"><span style=\"font-size: 16px;\">Trailer <em>Bye Bye Tiberias<\/em> of Lina Soualem <\/span><span style=\"font-size: 16px;\">\u00a9\u00a0JHR Films<br \/>\n<\/span><span style=\"font-size: 16px;\">Trailer <em>Dancing on the edge of a volcano<\/em> of Cyril Aris <\/span><span style=\"font-size: 16px;\">\u00a9 Salaud Morisset<br \/>\nhttps:\/\/www.cyrilaris.com\/<br \/>\n<\/span><span style=\"font-size: 16px;\">Festival CINEMED 2023<br \/>\n<\/span><span style=\"font-size: 16px;\">https:\/\/www.cinemed.tm.fr\/<br \/>\n<\/span><span style=\"color: var(--global--color-primary); font-size: 16px;\">Host Sarah from The Markaz Review (TMR)<br \/>\n<\/span><\/p>\n","protected":false},"excerpt":{"rendered":"<p>English below Radio Tabbouli c\u2019est le podcast de The Markaz Review pour d\u00e9couvrir l\u2019actualit\u00e9 culturelle et rencontrer des artistes, des \u00e9crivains, des cin\u00e9astes, des acteurs, des universitaires, des musiciens et&hellip; <a class=\"more-link\" href=\"https:\/\/themarkaz.org\/oldsite\/podcast-festival-cinemed-fr\/\">Continue reading <span class=\"screen-reader-text\">Podcast Festival Cinemed &#8211; FR<\/span><\/a><\/p>\n","protected":false},"author":331,"featured_media":30407,"parent":0,"menu_order":0,"comment_status":"closed","ping_status":"closed","template":"","meta":{"_acf_changed":false,"om_disable_all_campaigns":false,"footnotes":""},"coauthors":[2196],"class_list":["post-29660","page","type-page","status-publish","has-post-thumbnail","hentry","entry"],"acf":[],"yoast_head":"<!-- This site is optimized with the Yoast SEO Premium plugin v25.8 (Yoast SEO v27.4) - https:\/\/yoast.com\/product\/yoast-seo-premium-wordpress\/ -->\n<title>Podcast Festival Cinemed - FR - The Markaz Review<\/title>\n<meta name=\"description\" content=\"TMR vous emm\u00e8ne au Festival CINEMED - le Festival International du Cin\u00e9ma M\u00e9diterran\u00e9en de Montpellier - pour sa 45eme \u00e9dition. Nous y rencontrerons deux jeunes r\u00e9alisateurs Lina Soualem et Cyril Aris pour deux documentaires en comp\u00e9tition.\u00a0\" \/>\n<meta name=\"robots\" content=\"index, follow, max-snippet:-1, max-image-preview:large, max-video-preview:-1\" \/>\n<link rel=\"canonical\" href=\"https:\/\/themarkaz.org\/oldsite\/podcast-festival-cinemed-fr\/\" \/>\n<meta property=\"og:locale\" content=\"en_US\" \/>\n<meta property=\"og:type\" content=\"article\" \/>\n<meta property=\"og:title\" content=\"Podcast Festival Cinemed - FR\" \/>\n<meta property=\"og:description\" content=\"TMR vous emm\u00e8ne au Festival CINEMED - le Festival International du Cin\u00e9ma M\u00e9diterran\u00e9en de Montpellier - pour sa 45eme \u00e9dition. Nous y rencontrerons deux jeunes r\u00e9alisateurs Lina Soualem et Cyril Aris pour deux documentaires en comp\u00e9tition.\u00a0\" \/>\n<meta property=\"og:url\" content=\"https:\/\/themarkaz.org\/oldsite\/podcast-festival-cinemed-fr\/\" \/>\n<meta property=\"og:site_name\" content=\"The Markaz Review\" \/>\n<meta property=\"article:modified_time\" content=\"2023-12-11T17:33:18+00:00\" \/>\n<meta property=\"og:image\" content=\"https:\/\/themarkaz.org\/oldsite\/wp-content\/uploads\/2023\/12\/Oct-2023-Festival-CINEMED-1.jpg\" \/>\n\t<meta property=\"og:image:width\" content=\"1080\" \/>\n\t<meta property=\"og:image:height\" content=\"1080\" \/>\n\t<meta property=\"og:image:type\" content=\"image\/jpeg\" \/>\n<meta name=\"twitter:card\" content=\"summary_large_image\" \/>\n<meta name=\"twitter:label1\" content=\"Est. reading time\" \/>\n\t<meta name=\"twitter:data1\" content=\"3 minutes\" \/>\n\t<meta name=\"twitter:label2\" content=\"Written by\" \/>\n\t<meta name=\"twitter:data2\" content=\"Jordan Elgrably\" \/>\n<script type=\"application\/ld+json\" class=\"yoast-schema-graph\">{\"@context\":\"https:\\\/\\\/schema.org\",\"@graph\":[{\"@type\":\"WebPage\",\"@id\":\"https:\\\/\\\/themarkaz.org\\\/oldsite\\\/podcast-festival-cinemed-fr\\\/\",\"url\":\"https:\\\/\\\/themarkaz.org\\\/oldsite\\\/podcast-festival-cinemed-fr\\\/\",\"name\":\"Podcast Festival Cinemed - FR - The Markaz Review\",\"isPartOf\":{\"@id\":\"https:\\\/\\\/themarkaz.org\\\/oldsite\\\/#website\"},\"primaryImageOfPage\":{\"@id\":\"https:\\\/\\\/themarkaz.org\\\/oldsite\\\/podcast-festival-cinemed-fr\\\/#primaryimage\"},\"image\":{\"@id\":\"https:\\\/\\\/themarkaz.org\\\/oldsite\\\/podcast-festival-cinemed-fr\\\/#primaryimage\"},\"thumbnailUrl\":\"https:\\\/\\\/themarkaz.org\\\/oldsite\\\/wp-content\\\/uploads\\\/2023\\\/12\\\/Oct-2023-Festival-CINEMED-1.jpg\",\"datePublished\":\"2023-11-14T11:35:19+00:00\",\"dateModified\":\"2023-12-11T17:33:18+00:00\",\"description\":\"TMR vous emm\u00e8ne au Festival CINEMED - le Festival International du Cin\u00e9ma M\u00e9diterran\u00e9en de Montpellier - pour sa 45eme \u00e9dition. Nous y rencontrerons deux jeunes r\u00e9alisateurs Lina Soualem et Cyril Aris pour deux documentaires en comp\u00e9tition.\u00a0\",\"breadcrumb\":{\"@id\":\"https:\\\/\\\/themarkaz.org\\\/oldsite\\\/podcast-festival-cinemed-fr\\\/#breadcrumb\"},\"inLanguage\":\"en-US\",\"potentialAction\":[{\"@type\":\"ReadAction\",\"target\":[\"https:\\\/\\\/themarkaz.org\\\/oldsite\\\/podcast-festival-cinemed-fr\\\/\"]}]},{\"@type\":\"ImageObject\",\"inLanguage\":\"en-US\",\"@id\":\"https:\\\/\\\/themarkaz.org\\\/oldsite\\\/podcast-festival-cinemed-fr\\\/#primaryimage\",\"url\":\"https:\\\/\\\/themarkaz.org\\\/oldsite\\\/wp-content\\\/uploads\\\/2023\\\/12\\\/Oct-2023-Festival-CINEMED-1.jpg\",\"contentUrl\":\"https:\\\/\\\/themarkaz.org\\\/oldsite\\\/wp-content\\\/uploads\\\/2023\\\/12\\\/Oct-2023-Festival-CINEMED-1.jpg\",\"width\":1080,\"height\":1080},{\"@type\":\"BreadcrumbList\",\"@id\":\"https:\\\/\\\/themarkaz.org\\\/oldsite\\\/podcast-festival-cinemed-fr\\\/#breadcrumb\",\"itemListElement\":[{\"@type\":\"ListItem\",\"position\":1,\"name\":\"Home\",\"item\":\"https:\\\/\\\/themarkaz.org\\\/oldsite\\\/\"},{\"@type\":\"ListItem\",\"position\":2,\"name\":\"Podcast Festival Cinemed &#8211; FR\"}]},{\"@type\":\"WebSite\",\"@id\":\"https:\\\/\\\/themarkaz.org\\\/oldsite\\\/#website\",\"url\":\"https:\\\/\\\/themarkaz.org\\\/oldsite\\\/\",\"name\":\"The Markaz Review\",\"description\":\"Literature and Arts from the Center of the World\",\"publisher\":{\"@id\":\"https:\\\/\\\/themarkaz.org\\\/oldsite\\\/#organization\"},\"potentialAction\":[{\"@type\":\"SearchAction\",\"target\":{\"@type\":\"EntryPoint\",\"urlTemplate\":\"https:\\\/\\\/themarkaz.org\\\/oldsite\\\/?s={search_term_string}\"},\"query-input\":{\"@type\":\"PropertyValueSpecification\",\"valueRequired\":true,\"valueName\":\"search_term_string\"}}],\"inLanguage\":\"en-US\"},{\"@type\":\"Organization\",\"@id\":\"https:\\\/\\\/themarkaz.org\\\/oldsite\\\/#organization\",\"name\":\"The Markaz Review\",\"url\":\"https:\\\/\\\/themarkaz.org\\\/oldsite\\\/\",\"logo\":{\"@type\":\"ImageObject\",\"inLanguage\":\"en-US\",\"@id\":\"https:\\\/\\\/themarkaz.org\\\/oldsite\\\/#\\\/schema\\\/logo\\\/image\\\/\",\"url\":\"https:\\\/\\\/themarkaz.org\\\/oldsite\\\/wp-content\\\/uploads\\\/2023\\\/08\\\/cropped-New-2023-TMR-Logo-500-pix.jpg\",\"contentUrl\":\"https:\\\/\\\/themarkaz.org\\\/oldsite\\\/wp-content\\\/uploads\\\/2023\\\/08\\\/cropped-New-2023-TMR-Logo-500-pix.jpg\",\"width\":473,\"height\":191,\"caption\":\"The Markaz Review\"},\"image\":{\"@id\":\"https:\\\/\\\/themarkaz.org\\\/oldsite\\\/#\\\/schema\\\/logo\\\/image\\\/\"}}]}<\/script>\n<!-- \/ Yoast SEO Premium plugin. -->","yoast_head_json":{"title":"Podcast Festival Cinemed - FR - The Markaz Review","description":"TMR vous emm\u00e8ne au Festival CINEMED - le Festival International du Cin\u00e9ma M\u00e9diterran\u00e9en de Montpellier - pour sa 45eme \u00e9dition. Nous y rencontrerons deux jeunes r\u00e9alisateurs Lina Soualem et Cyril Aris pour deux documentaires en comp\u00e9tition.\u00a0","robots":{"index":"index","follow":"follow","max-snippet":"max-snippet:-1","max-image-preview":"max-image-preview:large","max-video-preview":"max-video-preview:-1"},"canonical":"https:\/\/themarkaz.org\/oldsite\/podcast-festival-cinemed-fr\/","og_locale":"en_US","og_type":"article","og_title":"Podcast Festival Cinemed - FR","og_description":"TMR vous emm\u00e8ne au Festival CINEMED - le Festival International du Cin\u00e9ma M\u00e9diterran\u00e9en de Montpellier - pour sa 45eme \u00e9dition. Nous y rencontrerons deux jeunes r\u00e9alisateurs Lina Soualem et Cyril Aris pour deux documentaires en comp\u00e9tition.\u00a0","og_url":"https:\/\/themarkaz.org\/oldsite\/podcast-festival-cinemed-fr\/","og_site_name":"The Markaz Review","article_modified_time":"2023-12-11T17:33:18+00:00","og_image":[{"width":1080,"height":1080,"url":"https:\/\/themarkaz.org\/oldsite\/wp-content\/uploads\/2023\/12\/Oct-2023-Festival-CINEMED-1.jpg","type":"image\/jpeg"}],"twitter_card":"summary_large_image","twitter_misc":{"Est. reading time":"3 minutes","Written by":"Jordan Elgrably"},"schema":{"@context":"https:\/\/schema.org","@graph":[{"@type":"WebPage","@id":"https:\/\/themarkaz.org\/oldsite\/podcast-festival-cinemed-fr\/","url":"https:\/\/themarkaz.org\/oldsite\/podcast-festival-cinemed-fr\/","name":"Podcast Festival Cinemed - FR - The Markaz Review","isPartOf":{"@id":"https:\/\/themarkaz.org\/oldsite\/#website"},"primaryImageOfPage":{"@id":"https:\/\/themarkaz.org\/oldsite\/podcast-festival-cinemed-fr\/#primaryimage"},"image":{"@id":"https:\/\/themarkaz.org\/oldsite\/podcast-festival-cinemed-fr\/#primaryimage"},"thumbnailUrl":"https:\/\/themarkaz.org\/oldsite\/wp-content\/uploads\/2023\/12\/Oct-2023-Festival-CINEMED-1.jpg","datePublished":"2023-11-14T11:35:19+00:00","dateModified":"2023-12-11T17:33:18+00:00","description":"TMR vous emm\u00e8ne au Festival CINEMED - le Festival International du Cin\u00e9ma M\u00e9diterran\u00e9en de Montpellier - pour sa 45eme \u00e9dition. Nous y rencontrerons deux jeunes r\u00e9alisateurs Lina Soualem et Cyril Aris pour deux documentaires en comp\u00e9tition.\u00a0","breadcrumb":{"@id":"https:\/\/themarkaz.org\/oldsite\/podcast-festival-cinemed-fr\/#breadcrumb"},"inLanguage":"en-US","potentialAction":[{"@type":"ReadAction","target":["https:\/\/themarkaz.org\/oldsite\/podcast-festival-cinemed-fr\/"]}]},{"@type":"ImageObject","inLanguage":"en-US","@id":"https:\/\/themarkaz.org\/oldsite\/podcast-festival-cinemed-fr\/#primaryimage","url":"https:\/\/themarkaz.org\/oldsite\/wp-content\/uploads\/2023\/12\/Oct-2023-Festival-CINEMED-1.jpg","contentUrl":"https:\/\/themarkaz.org\/oldsite\/wp-content\/uploads\/2023\/12\/Oct-2023-Festival-CINEMED-1.jpg","width":1080,"height":1080},{"@type":"BreadcrumbList","@id":"https:\/\/themarkaz.org\/oldsite\/podcast-festival-cinemed-fr\/#breadcrumb","itemListElement":[{"@type":"ListItem","position":1,"name":"Home","item":"https:\/\/themarkaz.org\/oldsite\/"},{"@type":"ListItem","position":2,"name":"Podcast Festival Cinemed &#8211; FR"}]},{"@type":"WebSite","@id":"https:\/\/themarkaz.org\/oldsite\/#website","url":"https:\/\/themarkaz.org\/oldsite\/","name":"The Markaz Review","description":"Literature and Arts from the Center of the World","publisher":{"@id":"https:\/\/themarkaz.org\/oldsite\/#organization"},"potentialAction":[{"@type":"SearchAction","target":{"@type":"EntryPoint","urlTemplate":"https:\/\/themarkaz.org\/oldsite\/?s={search_term_string}"},"query-input":{"@type":"PropertyValueSpecification","valueRequired":true,"valueName":"search_term_string"}}],"inLanguage":"en-US"},{"@type":"Organization","@id":"https:\/\/themarkaz.org\/oldsite\/#organization","name":"The Markaz Review","url":"https:\/\/themarkaz.org\/oldsite\/","logo":{"@type":"ImageObject","inLanguage":"en-US","@id":"https:\/\/themarkaz.org\/oldsite\/#\/schema\/logo\/image\/","url":"https:\/\/themarkaz.org\/oldsite\/wp-content\/uploads\/2023\/08\/cropped-New-2023-TMR-Logo-500-pix.jpg","contentUrl":"https:\/\/themarkaz.org\/oldsite\/wp-content\/uploads\/2023\/08\/cropped-New-2023-TMR-Logo-500-pix.jpg","width":473,"height":191,"caption":"The Markaz Review"},"image":{"@id":"https:\/\/themarkaz.org\/oldsite\/#\/schema\/logo\/image\/"}}]}},"_links":{"self":[{"href":"https:\/\/themarkaz.org\/oldsite\/wp-json\/wp\/v2\/pages\/29660","targetHints":{"allow":["GET"]}}],"collection":[{"href":"https:\/\/themarkaz.org\/oldsite\/wp-json\/wp\/v2\/pages"}],"about":[{"href":"https:\/\/themarkaz.org\/oldsite\/wp-json\/wp\/v2\/types\/page"}],"author":[{"embeddable":true,"href":"https:\/\/themarkaz.org\/oldsite\/wp-json\/wp\/v2\/users\/331"}],"replies":[{"embeddable":true,"href":"https:\/\/themarkaz.org\/oldsite\/wp-json\/wp\/v2\/comments?post=29660"}],"version-history":[{"count":0,"href":"https:\/\/themarkaz.org\/oldsite\/wp-json\/wp\/v2\/pages\/29660\/revisions"}],"wp:featuredmedia":[{"embeddable":true,"href":"https:\/\/themarkaz.org\/oldsite\/wp-json\/wp\/v2\/media\/30407"}],"wp:attachment":[{"href":"https:\/\/themarkaz.org\/oldsite\/wp-json\/wp\/v2\/media?parent=29660"}],"wp:term":[{"taxonomy":"author","embeddable":true,"href":"https:\/\/themarkaz.org\/oldsite\/wp-json\/wp\/v2\/coauthors?post=29660"}],"curies":[{"name":"wp","href":"https:\/\/api.w.org\/{rel}","templated":true}]}}